 y(160).
-1087
Let r(a) = 3791*a - 246268. What is r(65)?
147
Let j(d) = -43*d**2 + 7333*d + 10840. What is j(172)?
4
Let n(y) = y**3 - 68*y**2 + 1246*y - 4489. What is n(39)?
-4
Let a(p) = 608*p - 144945. Give a(239).
367
Let i(z) = 131*z + 4457. Give i(-37).
-390
Let b(k) = k**3 + 52*k**2 + 634*k + 71. What is b(-18)?
-325
Let x(i) = -741409*i - 3707044. Calculate x(-5).
1
Let y(o) = o**3 - 45*o**2 + 496*o - 123. Give y(18).
57
Let o(d) = 1016*d + 36396. Calculate o(-40).
-4244
Let z(a) = -2*a**2 + 42498*a - 254920. Calculate z(6).
-4
Let o(f) = -136*f**2 - 145*f - 15. What is o(-3)?
-804
Let x(w) = 217*w + 11640. Determine x(-54).
-78
Let q(s) = -6778*s**2 - 20333*s + 6. Calculate q(-3).
3
Let k(u) = -11*u**2 - 673*u - 1164. What is k(-58)?
866
Let r(y) = -4149*y - 32132. Determine r(-7).
-3089
Let i(f) = 37*f**2 - 126*f + 79. Determine i(-4).
1175
Let r(s) = s**3 - 6*s**2 + 1173*s - 7066. Determine r(6).
-28
Let s(j) = 1610*j**2 - 62796*j + 246. What is s(39)?
12
Let v(k) = -k**2 + 38*k + 34259. Calculate v(205).
24
Let g(x) = -166204*x - 6481953. Determine g(-39).
3
Let r(u) = 267*u + 9078. Calculate r(-34).
0
Let i(p) = -2*p**2 - 327*p - 6319. Give i(-22).
-93
Let j(w) = -3*w**2 - 1859*w + 11930. Calculate j(-626).
36
Let z(j) = -20*j**2 + 77*j + 207. What is z(-5)?
-678
Let m(t) = 6*t**2 - 464*t + 101. Give m(74).
-1379
Let c(o) = 286*o**3 + o**2 + 14*o - 16. Give c(1).
285
Let t(s) = 51*s**3 - 4897*s**2 + 94*s + 185. What is t(96)?
-7
Let w(u) = -3*u**3 + 884*u**2 + 1042*u + 42044. What is w(296)?
12
Let f(d) = -3*d**2 + 356*d - 7862. Determine f(30).
118
Let d(u) = -u**3 + 34*u**2 - 184*u + 19. Determine d(8).
211
Let d(v) = -3328*v + 2718968. What is d(817)?
-8
Let o(l) = 47*l**2 - 4116*l + 2482. What is o(87)?
133
Let r(x) = -2*x**3 + 27*x**2 + 6328*x - 82477. Give r(13).
-44
Let o(w) = 516*w + 3684. Calculate o(-9).
-960
Let x(r) = -2*r**3 + 130*r**2 + 1211*r - 78720. Give x(65).
-5
Let c(r) = r**2 - 3416*r + 57850. Determine c(17).
67
Let g(r) = 20001*r + 200013. What is g(-10)?
3
Let n(y) = -y**3 + 17*y**2 + 34*y - 786. Give n(16).
14
Let i(p) = 5*p**2 + 287*p + 3644. What is i(-24)?
-364
Let i(h) = -185*h - 2691. Give i(-19).
824
Let w(v) = 184*v**2 + 520*v + 1002. Determine w(-2).
698
Let f(v) = 2*v**2 - 13570*v + 81390. Calculate f(6).
42
Let q(s) = -140162*s + 280346. Determine q(2).
22
Let z(p) = -6*p**3 - 293*p**2 + 187*p + 6744. What is z(-49)?
-18
Let i(s) = -2*s**3 + 11*s**2 - 284*s + 2142. Calculate i(7).
7
Let i(q) = q**3 - 241*q**2 + 649*q + 15492. Determine i(238).
22
Let z(k) = -k**2 - 309*k + 16334. Calculate z(46).
4
Let o(v) = -5*v**2 + 190*v - 63. Determine o(38).
-63
Let m(g) = g**3 + g**2 - 69*g - 22. Give m(8).
2
Let h(y) = -27285*y - 354697. Calculate h(-13).
8
Let u(o) = -34*o**2 + 68*o + 1239. Give u(-14).
-6377
Let y(h) = -2*h**3 - 57*h**2 - 70*h - 2813. What is y(-29)?
58
Let i(p) = 20*p**3 + p**2 - 262*p - 1. Calculate i(0).
-1
Let w(a) = -4*a**3 + 3*a**2 + 5130*a + 5127. Determine w(-1).
4
Let b(t) = -42330*t + 3724999. What is b(88)?
-41
Let q(v) = -61745*v - 493990. What is q(-8)?
-30
Let q(z) = 2*z**3 - 166*z**2 - 290*z - 585. Calculate q(85).
3665
Let u(h) = -h**3 - 303*h**2 - 641*h - 11368. Calculate u(-301).
371
Let l(b) = -15*b**3 + 21*b**2 - 6*b - 16. Determine l(1).
-16
Let p(g) = 2*g**3 + 90*g**2 - 34*g + 546. What is p(-45)?
2076
Let s(u) = 2*u**2 - 571*u - 27895. Calculate s(328).
-15
Let i(u) = -u**2 + 58*u - 1046. What is i(22)?
-254
Let k(o) = 903*o + 2676. Give k(-4).
-936
Let p(h) = h**2 + 2573*h - 49147. Give p(19).
101
Let b(a) = -a**3 - 85*a**2 + 3335*a + 3300. Give b(-114).
-6
Let d(j) = j**2 - 16932*j + 67707. Calculate d(4).
-5
Let o(x) = x**3 + 247*x**2 + 1207*x - 679. What is o(-242)?
47
Let j(t) = 453440*t + 4080956. Calculate j(-9).
-4
Let z(i) = i**2 + 56076*i + 17232003. Calculate z(-309).
0
Let s(u) = -76*u - 242. Give s(-13).
746
Let f(h) = -103226*h + 103211. Calculate f(1).
-15
Let o(q) = -2293*q - 13693. Give o(-6).
65
Let c(l) = -l**3 - 30*l**2 + 1671*l + 49927. What is c(-30)?
-203
Let b(n) = -3710*n - 37096. Give b(-10).
4
Let t(q) = -q**3 - 8*q**2 - 4618*q - 36952. Determine t(-8).
-8
Let j(s) = 6558*s - 216455. What is j(33)?
-41
Let k(o) = 209*o**2 - 228*o + 231. Calculate k(1).
212
Let i(v) = 49*v**2 + 3674*v + 18382. Determine i(-5).
1237
Let p(k) = -k**2 - 209*k - 338. Give p(-204).
682
Let l(x) = 2*x**2 + 19137*x + 2006031. Determine l(-106).
-19
Let w(c) = -943*c - 977930. Determine w(-1037).
-39
Let w(s) = -1255*s**2 + 7540*s - 112. Determine w(6).
-52
Let a(k) = -k**3 + 125*k**2 + 13649*k + 11. Determine a(195).
-184
Let u(j) = -11734*j - 33231. Give u(-3).
1971
Let u(s) = -s**2 + 88601*s - 2037300. Calculate u(23).
-6
Let b(l) = 2*l**3 + 771*l**2 + 412*l + 10394. Determine b(-385).
-1
Let u(w) = 4899*w + 210717. Give u(-43).
60
Let f(z) = 31*z**3 + 8*z**2 + 9985*z - 9988. Determine f(1).
36
Let l(x) = 6*x**3 - 2098*x**2 + 3484*x - 1414. Determine l(348).
-22
Let o(k) = -k**2 + 256605*k - 10262605. What is o(40)?
-5
Let s(u) = -16050*u + 1187704. Give s(74).
4
Let v(f) = 10*f**2 - 110*f - 1003. Determine v(-8).
517
Let a(x) = -x**3 + 43*x**2 - 340*x + 27825. What is a(48)?
-15
Let r(x) = x**3 - 11*x**2 + 815*x - 11806. Calculate r(15).
1319
Let j(k) = -5*k**3 + 4*k**2 - 97*k - 257. Calculate j(-6).
1549
Let g(c) = -4*c**3 - 1120*c**2 + 1128*c + 1298. What is g(-281)?
174
Let z(o) = -1236*o - 16191. Give z(-13).
-123
Let j(h) = 3*h**3 + 404*h**2 - 2948*h + 23. Give j(7).
212
Let g(t) = 1687*t + 26809. Determine g(-16).
-183
Let y(r) = -2*r**3 + 512*r**2 - 5376*r - 3400. What is y(245)?
30
Let a(q) = 24326*q - 2943349. Give a(121).
97
Let t(h) = -2*h**2 + 278*h + 20704. Determine t(-54).
-140
Let u(a) = a**2 + 5229*a + 26079. What is u(-5)?
-41
Let f(a) = -7866*a - 763005. What is f(-97)?
-3
Let a(s) = 936*s + 41892. Determine a(-45).
-228
Let h(y) = -125*y**2 + 443*y - 1746. Determine h(4).
-1974
Let u(m) = -31*m**3 + 3098*m**2 + 203*m - 188. Give u(100).
112
Let r(q) = -5173*q + 594910. Give r(115).
15
Let a(c) = 15*c**3 + 1745*c**2 - 1149*c + 2467. What is a(-117)?
10
Let m(v) = -420*v + 21611. Give m(43).
3551
Let w(c) = c**3 - 54*c**2 - 925*c + 47853. What is w(55)?
3
Let a(l) = 27*l**2 - 39*l + 26. Determine a(10).
2336
Let d(t) = 916*t**2 - 11*t - 41. Determine d(0).
-41
Let h(z) = 99*z - 1179. Determine h(5).
-684
Let y(v) = 474*v**2 + 3*v - 115. Give y(0).
-115
Let u(b) = 84*b**2 + 300*b - 168. Give u(-4).
-24
Let y(a) = -7699*a + 176619. Give y(23).
-458
Let g(z) = -z**3 + 5*z**2 + 479*z + 2086. What is g(-15)?
-599
Let r(y) = -58*y + 7544. What is r(128)?
120
Let t(m) = -433*m + 11558. What is t(29)?
-999
Let a(c) = 3*c**3 - 142*c**2 - 1051*c + 45824. Determine a(48).
-16
Let b(r) = 256489*r - 1282478. What is b(5)?
-33
Let h(j) = 321852*j - 4827785. Calculate h(15).
-5
Let x(w) = 1114*w + 598212. Determine x(-537).
-6
Let c(p) = -p**3 - 25*p**2 - 207*p - 4638. Determine c(-25).
537
Let g(m) = -18*m**3 - 88*m**2 + 253*m + 1260. Give g(-5).
45
Let b(m) = 850*m + 11015. What is b(-12)?
815
Let s(h) = -h**2 + 44901*h - 4. Calculate s(0).
-4
Let s(n) = 2*n**3 + 7*n**2 + 99*n + 632. Calculate s(-6).
-142
Let v(d) = 33*d**2 - 121*d - 1262. What is v(-9)?
2500
Let o(h) = -26983*h - 27099. What is o(-1)?
-116
Let f(w) = 135*w**3 - 5*w**2 - 6*w + 38. Determine f(-2).
-1050
Let m(c) = 2097*c - 54474. Give m(26).
48
Let w(t) = 43*t - 4873. Determine w(126).
545
Let w(h) = -h**3 + 19*h**2 - 74*h + 586. Calculate w(17).
-94
Let l(u) = 7*u**2 + 328*u - 312. Give l(1).
23
Let g(h) = -8*h**2 - 29*h + 40446. What is g(-73)?
-69
Let a(g) = -14*g**2 - 1138*g - 8436. What is a(-73)?
32
Let q(j) = -783*j + 742. Give q(2).
-824
Let q(y) = -79414*y + 635232. What is q(8)?
-80
Let m(r) = 478*r**2 + 1607*r - 1213. Give m(-4).
7
Let f(s) = -9497*s - 28422. Determine f(-3).
69
Let w(o) = -4*o**3 + 62*o**2 - 12*o + 93. Calculate w(16).
-611
Let c(r) = -2*r**3 + 62*r**2 + 5674*r - 172080. Give c(30).
-60
Let j(y) = 11083*y - 210567. Calculate j(19).
10
Let i(z) = 2*z**3 - 46*z**2 - 58*z + 227. What is i(24)?
-13
Let x(i) = 2*i**3 + 69*i**2 + 1133*i + 31154. Determine x(-32).
18
Let a(l) = 70*l**2 - 51202*l - 27819. Calculate a(732).
-3
Let p(x) = 69*x**2 + 403*x + 269. D